{"id":7,"date":"2023-11-29T09:44:16","date_gmt":"2023-11-29T08:44:16","guid":{"rendered":"https:\/\/entrecoles.fr\/?page_id=7"},"modified":"2023-11-29T10:28:43","modified_gmt":"2023-11-29T09:28:43","slug":"a-propos","status":"publish","type":"page","link":"https:\/\/entrecoles.fr\/index.php\/a-propos\/","title":{"rendered":"\u00c0 propos"},"content":{"rendered":"\n<div class=\"wp-block-cover alignfull is-light\" style=\"min-height:300px;aspect-ratio:unset;\"><span aria-hidden=\"true\" class=\"wp-block-cover__background has-nv-site-bg-background-color has-background-dim-100 has-background-dim\"><\/span><div class=\"wp-block-cover__inner-container is-layout-flow wp-block-cover-is-layout-flow\">\n<div class=\"wp-block-group\"><div class=\"wp-block-group__inner-container is-layout-flow wp-block-group-is-layout-flow\">\n<h1 class=\"wp-block-heading has-text-align-left has-neve-text-color-color has-text-color\">Qui sommes nous ?<\/h1>\n<\/div><\/div>\n\n\n\n<p>L\u2019ULCC est fond\u00e9e par 3 associations nationales agr\u00e9\u00e9es de consommateurs :<\/p>\n\n\n\n<ul class=\"wp-block-list\">\n<li>l\u2019<a href=\"https:\/\/www.inc-conso.fr\/content\/adeic-association-de-consommateurs\" target=\"_blank\" rel=\"noreferrer noopener\">ADEIC<\/a>&nbsp;(Association de D\u00e9fense, d\u2019Education et d\u2019Information du Consommateur)<\/li>\n\n\n\n<li>l\u2019<a href=\"https:\/\/www.inc-conso.fr\/content\/alldc-leo-lagrange-association-de-consommateurs\" target=\"_blank\" rel=\"noreferrer noopener\">ALLDC<\/a>&nbsp;(Association L\u00e9o Lagrange pour la D\u00e9fense des Consommateurs)<\/li>\n\n\n\n<li>le&nbsp;<a href=\"https:\/\/www.inc-conso.fr\/content\/cnafal-association-de-consommateurs\" target=\"_blank\" rel=\"noreferrer noopener\">CNAFAL<\/a>&nbsp;(Conseil National des Associations Familiales La\u00efques)<\/li>\n<\/ul>\n\n\n\n<h2 class=\"wp-block-heading\">OBJECTIFS<\/h2>\n\n\n\n<p>L\u2019ULCC \u0153uvre pour un consum\u00e9risme social, citoyen, environnemental, la sant\u00e9 et le logement.<\/p>\n\n\n\n<p>L\u2019ULCC regroupe des organisations de d\u00e9fense des consommateurs agr\u00e9\u00e9es au niveau national, qui partagent des valeurs communes notamment sur l\u2019\u00e9ducation des consommateurs \u00e0 tous les \u00e2ges de la vie, la la\u00efcit\u00e9, la citoyennet\u00e9, le respect des droits, le dialogue, la m\u00e9diation comme m\u00e9thode de r\u00e8glement des diff\u00e9rends et la responsabilit\u00e9.<\/p>\n\n\n\n<h2 class=\"wp-block-heading\">ORGANISATION<\/h2>\n\n\n\n<p><strong>Bureau :<\/strong><\/p>\n\n\n\n<p>Pr\u00e9sidente :&nbsp; Julie VANHILLE<\/p>\n\n\n\n<p>Vice-Pr\u00e9sident : Julien LEONARD<\/p>\n\n\n\n<p>Vice-Pr\u00e9sident : Marc LAGAE<\/p>\n\n\n\n<p><strong>Conseil d\u2019administration :<\/strong><\/p>\n\n\n\n<p>Pr\u00e9sidente :&nbsp; Julie VANHILLE<\/p>\n\n\n\n<p>Vice-Pr\u00e9sident : Julien LEONARD<\/p>\n\n\n\n<p>Vice-Pr\u00e9sident : Marc LAGAE<\/p>\n\n\n\n<p>Tr\u00e9sori\u00e8re: Martine COUSTAL<\/p>\n\n\n\n<p>Tr\u00e9sori\u00e8re adjointe: Ludivine COLY-DUFOURT<\/p>\n\n\n\n<p>Secr\u00e9taire g\u00e9n\u00e9ral : Patrick LEMERCIER<\/p>\n\n\n\n<p>Conseil d\u2019administration : 6 membres \u00e9lus pour un an.<\/p>\n\n\n\n<p>L\u2019assembl\u00e9e g\u00e9n\u00e9rale est compos\u00e9e du Conseil d\u2019administration et de 3 membres suppl\u00e9mentaires par organisation.<\/p>\n\n\n\n<p>Antennes locales en consommation :<\/p>\n\n\n\n<p>L\u2019ULCC.<\/p>\n\n\n\n<p>L\u2019Ad\u00e9ic dispose de 30 antennes territoriales en France m\u00e9tropolitaine ainsi que les Antilles, la R\u00e9union et Saint Martin.<\/p>\n\n\n\n<p>L\u2019ALLDC dispose de permanences juridiques sur le territoire dans 69 sites diff\u00e9rents &#8211; 52 villes- 17 d\u00e9partements \u2013 6 r\u00e9gions. Notre implantation est plus importante sur les r\u00e9gions Languedoc-Roussillon, Bourgogne et Ile de France.<\/p>\n\n\n\n<p>Adresses et t\u00e9l\u00e9phones sur le site internet :&nbsp;<a href=\"http:\/\/www.leolagrange-conso.org\/\" target=\"_blank\" rel=\"noreferrer noopener\">www.leolagrange-conso.org<\/a><\/p>\n\n\n\n<p>Le CNAFAL dispose de 32 antennes locales qui agissent en droit de la consommation.<\/p>\n\n\n\n<h2 class=\"wp-block-heading\">AGREMENTS<\/h2>\n\n\n\n<p>L\u2019ULCC est agr\u00e9\u00e9e depuis le 30 d\u00e9cembre 2021.<\/p>\n\n\n\n<p>Agr\u00e9ments des associations d\u00e9fense de consommateurs composant l\u2019ULCC :<\/p>\n\n\n\n<p>ALLDC : depuis 1982.<\/p>\n\n\n\n<p>CNAFAL : depuis 1983.<\/p>\n\n\n\n<p>ADEIC : depuis 1985.<\/p>\n\n\n\n<h2 class=\"wp-block-heading\">HISTORIQUE<\/h2>\n\n\n\n<p>L\u2019ULCC est une organisation cr\u00e9\u00e9e en mars 2019 qui regroupe les 3 associations nationales de consommateurs agr\u00e9\u00e9es ADEIC, ALLDC et CNAFAL.<\/p>\n\n\n\n<p>Ces trois organisations se sont rassembl\u00e9es autour de valeurs communes la la\u00efcit\u00e9, la citoyennet\u00e9, le respect des droits, le dialogue, la concertation, et la m\u00e9diation comme mode privil\u00e9gi\u00e9 de r\u00e8glement des litiges.<\/p>\n\n\n\n<p>Ainsi, elles mutualisent des moyens pour agir plus efficacement \u00e0 la r\u00e9alisation d\u2019objectifs communs en faveur de l\u2019information, de la protection et de la d\u00e9fense des consommateurs: pr\u00e9sence accrue sur le territoire au plus pr\u00e8s des consommateurs, repr\u00e9sentation des int\u00e9r\u00eats des consommateurs dans les instances de concertation, formation des b\u00e9n\u00e9voles, communication, actions \u00e9ducatives.<\/p>\n\n\n\n<p>Avant 2019, ces trois associations \u00e9taient d\u00e9j\u00e0 r\u00e9unies, avec 6 autres associations de consommateurs au sein de l\u2019organisation Consofrance (1999-2019).<\/p>\n\n\n\n<p>Le d\u00e9p\u00f4t des statuts de l\u2019ULCC a eu lieu le 1<sup>er<\/sup>&nbsp;juin 2019.<\/p>\n\n\n\n<p>Depuis 2019, les 3 associations unissent leurs forcent au sein de l\u2019ULCC.<\/p>\n\n\n\n<h2 class=\"wp-block-heading\">DOMAINES D\u2019INTERVENTION<\/h2>\n\n\n\n<p>Consommation,&nbsp; d\u00e9veloppement durable (social, soci\u00e9tal, environnemental), la\u00efcit\u00e9, num\u00e9rique, sant\u00e9.<\/p>\n\n\n\n<h2 class=\"wp-block-heading\">FAITS MARQUANTS<\/h2>\n\n\n\n<p>Projet &#8220;Alimentation et Fruits et L\u00e9gumes&#8221; dans le Gard&nbsp;: Ecole primaire, coll\u00e8ge et CFA.<\/p>\n\n\n\n<p><strong>PUBLICATIONS :<\/strong><\/p>\n\n\n\n<ul class=\"wp-block-list\">\n<li>F\u00e9vrier 2022 : CP concernant le recours devant le Conseil d\u2019Etat et l\u2019annulation de la proposition de la CRE.<\/li>\n\n\n\n<li>Avril 2022 : CP pour d\u00e9noncer la suppression des tickets de caisse.<\/li>\n\n\n\n<li>3 octobre 2022 : Lettre ouverte au Ministre Bruno Le Maire sur les baisses de subventions des associations de consommateurs.<\/li>\n<\/ul>\n\n\n\n<p>ConsoMag : Avril 2022, ConsoMag sur les plastiques \u00e0 usage unique tourn\u00e9 par une juriste de l\u2019ALLDC.<\/p>\n<\/div><\/div>\n\n\n\n<div class=\"wp-block-cover alignfull is-light is-layout-flow wp-block-cover-is-layout-flow\" style=\"min-height:600px;aspect-ratio:unset;\"><span aria-hidden=\"true\" class=\"wp-block-cover__background has-nv-light-bg-background-color has-background-dim-100 has-background-dim\"><\/span><div class=\"wp-block-cover__inner-container\"><\/div><\/div>\n","protected":false},"excerpt":{"rendered":"","protected":false},"author":1,"featured_media":0,"parent":0,"menu_order":0,"comment_status":"closed","ping_status":"closed","template":"","meta":{"neve_meta_sidebar":"","neve_meta_container":"","neve_meta_enable_content_width":"on","neve_meta_content_width":100,"neve_meta_title_alignment":"","neve_meta_author_avatar":"","neve_post_elements_order":"","neve_meta_disable_header":"","neve_meta_disable_footer":"","neve_meta_disable_title":"on","_themeisle_gutenberg_block_has_review":false,"_ti_tpc_template_sync":false,"_ti_tpc_template_id":"","footnotes":""},"class_list":["post-7","page","type-page","status-publish","hentry"],"_links":{"self":[{"href":"https:\/\/entrecoles.fr\/index.php\/wp-json\/wp\/v2\/pages\/7","targetHints":{"allow":["GET"]}}],"collection":[{"href":"https:\/\/entrecoles.fr\/index.php\/wp-json\/wp\/v2\/pages"}],"about":[{"href":"https:\/\/entrecoles.fr\/index.php\/wp-json\/wp\/v2\/types\/page"}],"author":[{"embeddable":true,"href":"https:\/\/entrecoles.fr\/index.php\/wp-json\/wp\/v2\/users\/1"}],"replies":[{"embeddable":true,"href":"https:\/\/entrecoles.fr\/index.php\/wp-json\/wp\/v2\/comments?post=7"}],"version-history":[{"count":2,"href":"https:\/\/entrecoles.fr\/index.php\/wp-json\/wp\/v2\/pages\/7\/revisions"}],"predecessor-version":[{"id":49,"href":"https:\/\/entrecoles.fr\/index.php\/wp-json\/wp\/v2\/pages\/7\/revisions\/49"}],"wp:attachment":[{"href":"https:\/\/entrecoles.fr\/index.php\/wp-json\/wp\/v2\/media?parent=7"}],"curies":[{"name":"wp","href":"https:\/\/api.w.org\/{rel}","templated":true}]}}

À propos

<div class="wp-block-cover alignfull is-light" style="min-height:300px;aspect-ratio:unset;"><span aria-hidden="true" class="wp-block-cover__background has-nv-site-bg-background-color has-background-dim-100 has-background-dim"></span><div class="wp-block-cover__inner-container is-layout-flow wp-block-cover-is-layout-flow">
<div class="wp-block-group"><div class="wp-block-group__inner-container is-layout-flow wp-block-group-is-layout-flow">
<h1 class="wp-block-heading has-text-align-left has-neve-text-color-color has-text-color">Qui sommes nous ?</h1>
</div></div>



<p>L’ULCC est fondée par 3 associations nationales agréées de consommateurs :</p>



<ul class="wp-block-list">
<li>l’<a href="https://www.inc-conso.fr/content/adeic-association-de-consommateurs" target="_blank" rel="noreferrer noopener">ADEIC</a>&nbsp;(Association de Défense, d’Education et d’Information du Consommateur)</li>



<li>l’<a href="https://www.inc-conso.fr/content/alldc-leo-lagrange-association-de-consommateurs" target="_blank" rel="noreferrer noopener">ALLDC</a>&nbsp;(Association Léo Lagrange pour la Défense des Consommateurs)</li>



<li>le&nbsp;<a href="https://www.inc-conso.fr/content/cnafal-association-de-consommateurs" target="_blank" rel="noreferrer noopener">CNAFAL</a>&nbsp;(Conseil National des Associations Familiales Laïques)</li>
</ul>



<h2 class="wp-block-heading">OBJECTIFS</h2>



<p>L’ULCC œuvre pour un consumérisme social, citoyen, environnemental, la santé et le logement.</p>



<p>L’ULCC regroupe des organisations de défense des consommateurs agréées au niveau national, qui partagent des valeurs communes notamment sur l’éducation des consommateurs à tous les âges de la vie, la laïcité, la citoyenneté, le respect des droits, le dialogue, la médiation comme méthode de règlement des différends et la responsabilité.</p>



<h2 class="wp-block-heading">ORGANISATION</h2>



<p><strong>Bureau :</strong></p>



<p>Présidente :&nbsp; Julie VANHILLE</p>



<p>Vice-Président : Julien LEONARD</p>



<p>Vice-Président : Marc LAGAE</p>



<p><strong>Conseil d’administration :</strong></p>



<p>Présidente :&nbsp; Julie VANHILLE</p>



<p>Vice-Président : Julien LEONARD</p>



<p>Vice-Président : Marc LAGAE</p>



<p>Trésorière: Martine COUSTAL</p>



<p>Trésorière adjointe: Ludivine COLY-DUFOURT</p>



<p>Secrétaire général : Patrick LEMERCIER</p>



<p>Conseil d’administration : 6 membres élus pour un an.</p>



<p>L’assemblée générale est composée du Conseil d’administration et de 3 membres supplémentaires par organisation.</p>



<p>Antennes locales en consommation :</p>



<p>L’ULCC.</p>



<p>L’Adéic dispose de 30 antennes territoriales en France métropolitaine ainsi que les Antilles, la Réunion et Saint Martin.</p>



<p>L’ALLDC dispose de permanences juridiques sur le territoire dans 69 sites différents &#8211; 52 villes- 17 départements – 6 régions. Notre implantation est plus importante sur les régions Languedoc-Roussillon, Bourgogne et Ile de France.</p>



<p>Adresses et téléphones sur le site internet :&nbsp;<a href="http://www.leolagrange-conso.org/" target="_blank" rel="noreferrer noopener">www.leolagrange-conso.org</a></p>



<p>Le CNAFAL dispose de 32 antennes locales qui agissent en droit de la consommation.</p>



<h2 class="wp-block-heading">AGREMENTS</h2>



<p>L’ULCC est agréée depuis le 30 décembre 2021.</p>



<p>Agréments des associations défense de consommateurs composant l’ULCC :</p>



<p>ALLDC : depuis 1982.</p>



<p>CNAFAL : depuis 1983.</p>



<p>ADEIC : depuis 1985.</p>



<h2 class="wp-block-heading">HISTORIQUE</h2>



<p>L’ULCC est une organisation créée en mars 2019 qui regroupe les 3 associations nationales de consommateurs agréées ADEIC, ALLDC et CNAFAL.</p>



<p>Ces trois organisations se sont rassemblées autour de valeurs communes la laïcité, la citoyenneté, le respect des droits, le dialogue, la concertation, et la médiation comme mode privilégié de règlement des litiges.</p>



<p>Ainsi, elles mutualisent des moyens pour agir plus efficacement à la réalisation d’objectifs communs en faveur de l’information, de la protection et de la défense des consommateurs: présence accrue sur le territoire au plus près des consommateurs, représentation des intérêts des consommateurs dans les instances de concertation, formation des bénévoles, communication, actions éducatives.</p>



<p>Avant 2019, ces trois associations étaient déjà réunies, avec 6 autres associations de consommateurs au sein de l’organisation Consofrance (1999-2019).</p>



<p>Le dépôt des statuts de l’ULCC a eu lieu le 1<sup>er</sup>&nbsp;juin 2019.</p>



<p>Depuis 2019, les 3 associations unissent leurs forcent au sein de l’ULCC.</p>



<h2 class="wp-block-heading">DOMAINES D’INTERVENTION</h2>



<p>Consommation,&nbsp; développement durable (social, sociétal, environnemental), laïcité, numérique, santé.</p>



<h2 class="wp-block-heading">FAITS MARQUANTS</h2>



<p>Projet &#8220;Alimentation et Fruits et Légumes&#8221; dans le Gard&nbsp;: Ecole primaire, collège et CFA.</p>



<p><strong>PUBLICATIONS :</strong></p>



<ul class="wp-block-list">
<li>Février 2022 : CP concernant le recours devant le Conseil d’Etat et l’annulation de la proposition de la CRE.</li>



<li>Avril 2022 : CP pour dénoncer la suppression des tickets de caisse.</li>



<li>3 octobre 2022 : Lettre ouverte au Ministre Bruno Le Maire sur les baisses de subventions des associations de consommateurs.</li>
</ul>



<p>ConsoMag : Avril 2022, ConsoMag sur les plastiques à usage unique tourné par une juriste de l’ALLDC.</p>
</div></div>



<div class="wp-block-cover alignfull is-light is-layout-flow wp-block-cover-is-layout-flow" style="min-height:600px;aspect-ratio:unset;"><span aria-hidden="true" class="wp-block-cover__background has-nv-light-bg-background-color has-background-dim-100 has-background-dim"></span><div class="wp-block-cover__inner-container"></div></div>
