{"id":6,"date":"2023-11-29T09:44:16","date_gmt":"2023-11-29T08:44:16","guid":{"rendered":"https:\/\/entrecoles.fr\/?page_id=6"},"modified":"2023-11-29T10:20:08","modified_gmt":"2023-11-29T09:20:08","slug":"accueil","status":"publish","type":"page","link":"https:\/\/entrecoles.fr\/","title":{"rendered":"Accueil"},"content":{"rendered":"\n<div class=\"wp-block-cover alignfull is-light\" style=\"min-height:700px;aspect-ratio:unset;\"><span aria-hidden=\"true\" class=\"wp-block-cover__background has-background-dim-0 has-background-dim\"><\/span><img loading=\"lazy\" decoding=\"async\" width=\"2560\" height=\"1920\" class=\"wp-block-cover__image-background wp-image-36\" alt=\"\" src=\"https:\/\/entrecoles.fr\/wp-content\/uploads\/2023\/11\/nrd-D6Tu_L3chLE-unsplash-scaled.jpg\" data-object-fit=\"cover\" srcset=\"https:\/\/entrecoles.fr\/wp-content\/uploads\/2023\/11\/nrd-D6Tu_L3chLE-unsplash-scaled.jpg 2560w, https:\/\/entrecoles.fr\/wp-content\/uploads\/2023\/11\/nrd-D6Tu_L3chLE-unsplash-300x225.jpg 300w, https:\/\/entrecoles.fr\/wp-content\/uploads\/2023\/11\/nrd-D6Tu_L3chLE-unsplash-1024x768.jpg 1024w, https:\/\/entrecoles.fr\/wp-content\/uploads\/2023\/11\/nrd-D6Tu_L3chLE-unsplash-768x576.jpg 768w, https:\/\/entrecoles.fr\/wp-content\/uploads\/2023\/11\/nrd-D6Tu_L3chLE-unsplash-1536x1152.jpg 1536w, https:\/\/entrecoles.fr\/wp-content\/uploads\/2023\/11\/nrd-D6Tu_L3chLE-unsplash-2048x1536.jpg 2048w\" sizes=\"auto, (max-width: 2560px) 100vw, 2560px\" \/><div class=\"wp-block-cover__inner-container is-layout-flow wp-block-cover-is-layout-flow\">\n<div style=\"height:80px\" aria-hidden=\"true\" class=\"wp-block-spacer\"><\/div>\n\n\n\n<p><\/p>\n\n\n\n<h1 class=\"wp-block-heading has-text-align-center has-nv-light-bg-color has-text-color\">Union La\u00efque et Citoyenne des consommateurs.<\/h1>\n\n\n\n<p class=\"has-nv-light-bg-color has-text-color has-link-color has-medium-font-size wp-elements-a3af39445bbe3c6f9ec219ebf05663f0\">L\u2019ULCC \u0153uvre pour un consum\u00e9risme social, citoyen, environnemental, la sant\u00e9 et le logement.<\/p>\n\n\n\n<p class=\"has-nv-light-bg-color has-text-color has-link-color has-medium-font-size wp-elements-7eb8266a2df5198c017b9a0a07885caf\">L\u2019ULCC regroupe des organisations de d\u00e9fense des consommateurs agr\u00e9\u00e9es au niveau national, qui partagent des valeurs communes notamment sur l\u2019\u00e9ducation des consommateurs \u00e0 tous les \u00e2ges de la vie, la la\u00efcit\u00e9, la citoyennet\u00e9, le respect des droits, le dialogue, la m\u00e9diation comme m\u00e9thode de r\u00e8glement des diff\u00e9rends et la responsabilit\u00e9.<\/p>\n\n\n\n<div class=\"wp-block-buttons is-content-justification-center is-layout-flex wp-container-core-buttons-is-layout-16018d1d wp-block-buttons-is-layout-flex\">\n<div class=\"wp-block-button is-style-primary\"><a class=\"wp-block-button__link wp-element-button\" href=\"#\">EN SAVOIR PLUS<\/a><\/div>\n<\/div>\n<\/div><\/div>\n\n\n\n<div style=\"height:80px\" aria-hidden=\"true\" class=\"wp-block-spacer\"><\/div>\n\n\n\n<div class=\"wp-block-columns is-layout-flex wp-container-core-columns-is-layout-9d6595d7 wp-block-columns-is-layout-flex\">\n<div class=\"wp-block-column is-layout-flow wp-block-column-is-layout-flow\"><div class=\"wp-block-image icon-style is-style-default\">\n<figure class=\"aligncenter size-full is-resized\"><img loading=\"lazy\" decoding=\"async\" width=\"24\" height=\"24\" src=\"https:\/\/entrecoles.fr\/wp-content\/uploads\/2023\/11\/iconmonstr-leaf-1.svg\" alt=\"\" class=\"wp-image-37\" style=\"width:42px;height:auto\"\/><\/figure>\n<\/div>\n\n\n<div style=\"height:20px\" aria-hidden=\"true\" class=\"wp-block-spacer\"><\/div>\n\n\n\n<h3 class=\"wp-block-heading has-text-align-center has-neve-text-color-color has-text-color\">Des valeurs fortes<\/h3>\n\n\n\n<p class=\"has-text-align-center\">L&#8217;ULCC est un fer de lance du consum\u00e9risme conscient et responsable, promouvant un \u00e9quilibre entre les besoins sociaux, citoyens et environnementaux, tout en veillant \u00e0 la sant\u00e9 et au logement des consommateurs. <\/p>\n\n\n\n<div style=\"height:20px\" aria-hidden=\"true\" class=\"wp-block-spacer\"><\/div>\n<\/div>\n\n\n\n<div class=\"wp-block-column is-layout-flow wp-block-column-is-layout-flow\"><div class=\"wp-block-image icon-style is-style-default\">\n<figure class=\"aligncenter size-full is-resized\"><img loading=\"lazy\" decoding=\"async\" width=\"24\" height=\"24\" src=\"https:\/\/entrecoles.fr\/wp-content\/uploads\/2023\/11\/iconmonstr-currency-6.svg\" alt=\"\" class=\"wp-image-38\" style=\"width:48px;height:48px\"\/><\/figure>\n<\/div>\n\n\n<div style=\"height:20px\" aria-hidden=\"true\" class=\"wp-block-spacer\"><\/div>\n\n\n\n<h3 class=\"wp-block-heading has-text-align-center has-neve-text-color-color has-text-color\">Une action focalis\u00e9e sur la d\u00e9fense des droits des consommateurs<\/h3>\n\n\n\n<p class=\"has-text-align-center\">Elle f\u00e9d\u00e8re des organisations nationales de d\u00e9fense des consommateurs autour de valeurs cl\u00e9s telles que l&#8217;\u00e9ducation des consommateurs \u00e0 travers toutes les \u00e9tapes de la vie, le respect de la la\u00efcit\u00e9 et de la citoyennet\u00e9, et l&#8217;engagement envers les droits des consommateurs. <\/p>\n\n\n\n<div style=\"height:20px\" aria-hidden=\"true\" class=\"wp-block-spacer\"><\/div>\n<\/div>\n\n\n\n<div class=\"wp-block-column is-layout-flow wp-block-column-is-layout-flow\"><div class=\"wp-block-image icon-style is-style-rounded\">\n<figure class=\"aligncenter size-full is-resized\"><img loading=\"lazy\" decoding=\"async\" width=\"24\" height=\"24\" src=\"https:\/\/entrecoles.fr\/wp-content\/uploads\/2023\/11\/iconmonstr-globe-5.svg\" alt=\"\" class=\"wp-image-39\" style=\"width:48px;height:48px\"\/><\/figure>\n<\/div>\n\n\n<div style=\"height:20px\" aria-hidden=\"true\" class=\"wp-block-spacer\"><\/div>\n\n\n\n<h3 class=\"wp-block-heading has-text-align-center has-neve-text-color-color has-text-color\">Une pr\u00e9sence proche du terrain <\/h3>\n\n\n\n<p class=\"has-text-align-center\">Attach\u00e9e \u00e0 un consum\u00e9risme local, l&#8217;ULCC est pr\u00e9sente dans toutes les r\u00e9gions et dans plus de XX d\u00e9partements. La conf\u00e9d\u00e9ration pr\u00f4ne \u00e9galement le dialogue, la m\u00e9diation pour r\u00e9soudre les litiges, et la responsabilit\u00e9 collective dans le domaine de la consommation afin de venir en aide aux consommateurs citoyens au plus proche de leur lieu de vie.<\/p>\n\n\n\n<div style=\"height:20px\" aria-hidden=\"true\" class=\"wp-block-spacer\"><\/div>\n<\/div>\n<\/div>\n\n\n\n<div class=\"wp-block-cover alignfull is-light\" style=\"min-height:600px;aspect-ratio:unset;\"><span aria-hidden=\"true\" class=\"wp-block-cover__background has-nv-dark-bg-background-color has-background-dim-100 has-background-dim\"><\/span><div class=\"wp-block-cover__inner-container is-layout-flow wp-block-cover-is-layout-flow\">\n<div class=\"wp-block-group\"><div class=\"wp-block-group__inner-container is-layout-flow wp-block-group-is-layout-flow\">\n<div style=\"height:80px\" aria-hidden=\"true\" class=\"wp-block-spacer\"><\/div>\n\n\n\n<div class=\"wp-block-columns are-vertically-aligned-center is-layout-flex wp-container-core-columns-is-layout-9d6595d7 wp-block-columns-is-layout-flex\">\n<div class=\"wp-block-column is-vertically-aligned-center is-layout-flow wp-block-column-is-layout-flow\" style=\"flex-basis:50%\">\n<figure class=\"wp-block-image size-large\"><img loading=\"lazy\" decoding=\"async\" width=\"1024\" height=\"683\" src=\"http:\/\/entrecoles.fr\/wp-content\/uploads\/2023\/11\/joshua-rawson-harris-YNaSz-E7Qss-unsplash-1024x683.jpg\" alt=\"\" class=\"wp-image-30\" srcset=\"https:\/\/entrecoles.fr\/wp-content\/uploads\/2023\/11\/joshua-rawson-harris-YNaSz-E7Qss-unsplash-1024x683.jpg 1024w, https:\/\/entrecoles.fr\/wp-content\/uploads\/2023\/11\/joshua-rawson-harris-YNaSz-E7Qss-unsplash-300x200.jpg 300w, https:\/\/entrecoles.fr\/wp-content\/uploads\/2023\/11\/joshua-rawson-harris-YNaSz-E7Qss-unsplash-768x512.jpg 768w, https:\/\/entrecoles.fr\/wp-content\/uploads\/2023\/11\/joshua-rawson-harris-YNaSz-E7Qss-unsplash-1536x1024.jpg 1536w, https:\/\/entrecoles.fr\/wp-content\/uploads\/2023\/11\/joshua-rawson-harris-YNaSz-E7Qss-unsplash-2048x1365.jpg 2048w, https:\/\/entrecoles.fr\/wp-content\/uploads\/2023\/11\/joshua-rawson-harris-YNaSz-E7Qss-unsplash-930x620.jpg 930w\" sizes=\"auto, (max-width: 1024px) 100vw, 1024px\" \/><\/figure>\n<\/div>\n\n\n\n<div class=\"wp-block-column is-vertically-aligned-center is-layout-flow wp-block-column-is-layout-flow\" style=\"flex-basis:50%\">\n<div style=\"height:40px\" aria-hidden=\"true\" class=\"wp-block-spacer\"><\/div>\n\n\n\n<h2 class=\"wp-block-heading has-text-align-left has-nv-text-dark-bg-color has-text-color\">Nos valeurs<\/h2>\n\n\n\n<p class=\"has-text-align-left has-nv-text-dark-bg-color has-text-color\" style=\"font-size:17px\">L&#8217;Union La\u00efque et Citoyenne des Consommateurs (ULCC) est une conf\u00e9d\u00e9ration dynamique d&#8217;associations d\u00e9di\u00e9e \u00e0 la protection des consommateurs. Notre mission est de d\u00e9fendre vigoureusement les droits et int\u00e9r\u00eats de tous les consommateurs, ind\u00e9pendamment de leur origine ou croyances. Nous nous engageons \u00e0 promouvoir la transparence, l&#8217;\u00e9quit\u00e9 et la responsabilit\u00e9 dans le monde de la consommation. \u00c0 travers nos efforts de sensibilisation, d&#8217;\u00e9ducation et de plaidoyer, nous \u0153uvrons pour un march\u00e9 plus juste, o\u00f9 les droits des consommateurs sont toujours au premier plan. <\/p>\n\n\n\n<p class=\"has-text-align-left has-nv-text-dark-bg-color has-text-color\" style=\"font-size:17px\">Rejoignez-nous pour faire avancer ensemble le mouvement des consommateurs \u00e9clair\u00e9s et responsables.<\/p>\n\n\n\n<div class=\"wp-block-buttons is-content-justification-left is-layout-flex wp-container-core-buttons-is-layout-fdcfc74e wp-block-buttons-is-layout-flex\">\n<div class=\"wp-block-button is-style-primary\"><a class=\"wp-block-button__link wp-element-button\" href=\"#\">EN SAVOIR PLUS<\/a><\/div>\n<\/div>\n<\/div>\n<\/div>\n\n\n\n<div style=\"height:40px\" aria-hidden=\"true\" class=\"wp-block-spacer\"><\/div>\n<\/div><\/div>\n<\/div><\/div>\n","protected":false},"excerpt":{"rendered":"<p>Des valeurs fortes L&#8217;ULCC est un fer de lance du consum\u00e9risme conscient et responsable, promouvant un \u00e9quilibre entre les besoins sociaux, citoyens et environnementaux, tout en veillant \u00e0 la sant\u00e9 et au logement des consommateurs. Une action focalis\u00e9e sur la d\u00e9fense des droits des consommateurs Elle f\u00e9d\u00e8re des organisations nationales de d\u00e9fense des consommateurs autour&hellip;&nbsp;<a href=\"https:\/\/entrecoles.fr\/\" class=\"\" rel=\"bookmark\">Read More &raquo;<span class=\"screen-reader-text\">Accueil<\/span><\/a><\/p>\n","protected":false},"author":1,"featured_media":0,"parent":0,"menu_order":0,"comment_status":"closed","ping_status":"closed","template":"","meta":{"neve_meta_sidebar":"","neve_meta_container":"","neve_meta_enable_content_width":"on","neve_meta_content_width":100,"neve_meta_title_alignment":"","neve_meta_author_avatar":"","neve_post_elements_order":"","neve_meta_disable_header":"","neve_meta_disable_footer":"","neve_meta_disable_title":"on","_themeisle_gutenberg_block_has_review":false,"_ti_tpc_template_sync":false,"_ti_tpc_template_id":"","footnotes":""},"class_list":["post-6","page","type-page","status-publish","hentry"],"_links":{"self":[{"href":"https:\/\/entrecoles.fr\/index.php\/wp-json\/wp\/v2\/pages\/6","targetHints":{"allow":["GET"]}}],"collection":[{"href":"https:\/\/entrecoles.fr\/index.php\/wp-json\/wp\/v2\/pages"}],"about":[{"href":"https:\/\/entrecoles.fr\/index.php\/wp-json\/wp\/v2\/types\/page"}],"author":[{"embeddable":true,"href":"https:\/\/entrecoles.fr\/index.php\/wp-json\/wp\/v2\/users\/1"}],"replies":[{"embeddable":true,"href":"https:\/\/entrecoles.fr\/index.php\/wp-json\/wp\/v2\/comments?post=6"}],"version-history":[{"count":5,"href":"https:\/\/entrecoles.fr\/index.php\/wp-json\/wp\/v2\/pages\/6\/revisions"}],"predecessor-version":[{"id":42,"href":"https:\/\/entrecoles.fr\/index.php\/wp-json\/wp\/v2\/pages\/6\/revisions\/42"}],"wp:attachment":[{"href":"https:\/\/entrecoles.fr\/index.php\/wp-json\/wp\/v2\/media?parent=6"}],"curies":[{"name":"wp","href":"https:\/\/api.w.org\/{rel}","templated":true}]}}

<div class="wp-block-cover alignfull is-light" style="min-height:700px;aspect-ratio:unset;"><span aria-hidden="true" class="wp-block-cover__background has-background-dim-0 has-background-dim"></span><img loading="lazy" decoding="async" width="2560" height="1920" class="wp-block-cover__image-background wp-image-36" alt="" src="https://entrecoles.fr/wp-content/uploads/2023/11/nrd-D6Tu_L3chLE-unsplash-scaled.jpg" data-object-fit="cover" srcset="https://entrecoles.fr/wp-content/uploads/2023/11/nrd-D6Tu_L3chLE-unsplash-scaled.jpg 2560w, https://entrecoles.fr/wp-content/uploads/2023/11/nrd-D6Tu_L3chLE-unsplash-300x225.jpg 300w, https://entrecoles.fr/wp-content/uploads/2023/11/nrd-D6Tu_L3chLE-unsplash-1024x768.jpg 1024w, https://entrecoles.fr/wp-content/uploads/2023/11/nrd-D6Tu_L3chLE-unsplash-768x576.jpg 768w, https://entrecoles.fr/wp-content/uploads/2023/11/nrd-D6Tu_L3chLE-unsplash-1536x1152.jpg 1536w, https://entrecoles.fr/wp-content/uploads/2023/11/nrd-D6Tu_L3chLE-unsplash-2048x1536.jpg 2048w" sizes="auto, (max-width: 2560px) 100vw, 2560px" /><div class="wp-block-cover__inner-container is-layout-flow wp-block-cover-is-layout-flow">
<div style="height:80px" aria-hidden="true" class="wp-block-spacer"></div>



<p></p>



<h1 class="wp-block-heading has-text-align-center has-nv-light-bg-color has-text-color">Union Laïque et Citoyenne des consommateurs.</h1>



<p class="has-nv-light-bg-color has-text-color has-link-color has-medium-font-size wp-elements-a3af39445bbe3c6f9ec219ebf05663f0">L’ULCC œuvre pour un consumérisme social, citoyen, environnemental, la santé et le logement.</p>



<p class="has-nv-light-bg-color has-text-color has-link-color has-medium-font-size wp-elements-7eb8266a2df5198c017b9a0a07885caf">L’ULCC regroupe des organisations de défense des consommateurs agréées au niveau national, qui partagent des valeurs communes notamment sur l’éducation des consommateurs à tous les âges de la vie, la laïcité, la citoyenneté, le respect des droits, le dialogue, la médiation comme méthode de règlement des différends et la responsabilité.</p>



<div class="wp-block-buttons is-content-justification-center is-layout-flex wp-container-core-buttons-is-layout-16018d1d wp-block-buttons-is-layout-flex">
<div class="wp-block-button is-style-primary"><a class="wp-block-button__link wp-element-button" href="#">EN SAVOIR PLUS</a></div>
</div>
</div></div>



<div style="height:80px" aria-hidden="true" class="wp-block-spacer"></div>



<div class="wp-block-columns is-layout-flex wp-container-core-columns-is-layout-9d6595d7 wp-block-columns-is-layout-flex">
<div class="wp-block-column is-layout-flow wp-block-column-is-layout-flow"><div class="wp-block-image icon-style is-style-default">
<figure class="aligncenter size-full is-resized"><img loading="lazy" decoding="async" width="24" height="24" src="https://entrecoles.fr/wp-content/uploads/2023/11/iconmonstr-leaf-1.svg" alt="" class="wp-image-37" style="width:42px;height:auto"/></figure>
</div>


<div style="height:20px" aria-hidden="true" class="wp-block-spacer"></div>



<h3 class="wp-block-heading has-text-align-center has-neve-text-color-color has-text-color">Des valeurs fortes</h3>



<p class="has-text-align-center">L&#8217;ULCC est un fer de lance du consumérisme conscient et responsable, promouvant un équilibre entre les besoins sociaux, citoyens et environnementaux, tout en veillant à la santé et au logement des consommateurs. </p>



<div style="height:20px" aria-hidden="true" class="wp-block-spacer"></div>
</div>



<div class="wp-block-column is-layout-flow wp-block-column-is-layout-flow"><div class="wp-block-image icon-style is-style-default">
<figure class="aligncenter size-full is-resized"><img loading="lazy" decoding="async" width="24" height="24" src="https://entrecoles.fr/wp-content/uploads/2023/11/iconmonstr-currency-6.svg" alt="" class="wp-image-38" style="width:48px;height:48px"/></figure>
</div>


<div style="height:20px" aria-hidden="true" class="wp-block-spacer"></div>



<h3 class="wp-block-heading has-text-align-center has-neve-text-color-color has-text-color">Une action focalisée sur la défense des droits des consommateurs</h3>



<p class="has-text-align-center">Elle fédère des organisations nationales de défense des consommateurs autour de valeurs clés telles que l&#8217;éducation des consommateurs à travers toutes les étapes de la vie, le respect de la laïcité et de la citoyenneté, et l&#8217;engagement envers les droits des consommateurs. </p>



<div style="height:20px" aria-hidden="true" class="wp-block-spacer"></div>
</div>



<div class="wp-block-column is-layout-flow wp-block-column-is-layout-flow"><div class="wp-block-image icon-style is-style-rounded">
<figure class="aligncenter size-full is-resized"><img loading="lazy" decoding="async" width="24" height="24" src="https://entrecoles.fr/wp-content/uploads/2023/11/iconmonstr-globe-5.svg" alt="" class="wp-image-39" style="width:48px;height:48px"/></figure>
</div>


<div style="height:20px" aria-hidden="true" class="wp-block-spacer"></div>



<h3 class="wp-block-heading has-text-align-center has-neve-text-color-color has-text-color">Une présence proche du terrain </h3>



<p class="has-text-align-center">Attachée à un consumérisme local, l&#8217;ULCC est présente dans toutes les régions et dans plus de XX départements. La confédération prône également le dialogue, la médiation pour résoudre les litiges, et la responsabilité collective dans le domaine de la consommation afin de venir en aide aux consommateurs citoyens au plus proche de leur lieu de vie.</p>



<div style="height:20px" aria-hidden="true" class="wp-block-spacer"></div>
</div>
</div>



<div class="wp-block-cover alignfull is-light" style="min-height:600px;aspect-ratio:unset;"><span aria-hidden="true" class="wp-block-cover__background has-nv-dark-bg-background-color has-background-dim-100 has-background-dim"></span><div class="wp-block-cover__inner-container is-layout-flow wp-block-cover-is-layout-flow">
<div class="wp-block-group"><div class="wp-block-group__inner-container is-layout-flow wp-block-group-is-layout-flow">
<div style="height:80px" aria-hidden="true" class="wp-block-spacer"></div>



<div class="wp-block-columns are-vertically-aligned-center is-layout-flex wp-container-core-columns-is-layout-9d6595d7 wp-block-columns-is-layout-flex">
<div class="wp-block-column is-vertically-aligned-center is-layout-flow wp-block-column-is-layout-flow" style="flex-basis:50%">
<figure class="wp-block-image size-large"><img loading="lazy" decoding="async" width="1024" height="683" src="http://entrecoles.fr/wp-content/uploads/2023/11/joshua-rawson-harris-YNaSz-E7Qss-unsplash-1024x683.jpg" alt="" class="wp-image-30" srcset="https://entrecoles.fr/wp-content/uploads/2023/11/joshua-rawson-harris-YNaSz-E7Qss-unsplash-1024x683.jpg 1024w, https://entrecoles.fr/wp-content/uploads/2023/11/joshua-rawson-harris-YNaSz-E7Qss-unsplash-300x200.jpg 300w, https://entrecoles.fr/wp-content/uploads/2023/11/joshua-rawson-harris-YNaSz-E7Qss-unsplash-768x512.jpg 768w, https://entrecoles.fr/wp-content/uploads/2023/11/joshua-rawson-harris-YNaSz-E7Qss-unsplash-1536x1024.jpg 1536w, https://entrecoles.fr/wp-content/uploads/2023/11/joshua-rawson-harris-YNaSz-E7Qss-unsplash-2048x1365.jpg 2048w, https://entrecoles.fr/wp-content/uploads/2023/11/joshua-rawson-harris-YNaSz-E7Qss-unsplash-930x620.jpg 930w" sizes="auto, (max-width: 1024px) 100vw, 1024px" /></figure>
</div>



<div class="wp-block-column is-vertically-aligned-center is-layout-flow wp-block-column-is-layout-flow" style="flex-basis:50%">
<div style="height:40px" aria-hidden="true" class="wp-block-spacer"></div>



<h2 class="wp-block-heading has-text-align-left has-nv-text-dark-bg-color has-text-color">Nos valeurs</h2>



<p class="has-text-align-left has-nv-text-dark-bg-color has-text-color" style="font-size:17px">L&#8217;Union Laïque et Citoyenne des Consommateurs (ULCC) est une confédération dynamique d&#8217;associations dédiée à la protection des consommateurs. Notre mission est de défendre vigoureusement les droits et intérêts de tous les consommateurs, indépendamment de leur origine ou croyances. Nous nous engageons à promouvoir la transparence, l&#8217;équité et la responsabilité dans le monde de la consommation. À travers nos efforts de sensibilisation, d&#8217;éducation et de plaidoyer, nous œuvrons pour un marché plus juste, où les droits des consommateurs sont toujours au premier plan. </p>



<p class="has-text-align-left has-nv-text-dark-bg-color has-text-color" style="font-size:17px">Rejoignez-nous pour faire avancer ensemble le mouvement des consommateurs éclairés et responsables.</p>



<div class="wp-block-buttons is-content-justification-left is-layout-flex wp-container-core-buttons-is-layout-fdcfc74e wp-block-buttons-is-layout-flex">
<div class="wp-block-button is-style-primary"><a class="wp-block-button__link wp-element-button" href="#">EN SAVOIR PLUS</a></div>
</div>
</div>
</div>



<div style="height:40px" aria-hidden="true" class="wp-block-spacer"></div>
</div></div>
</div></div>

<p>Des valeurs fortes L&#8217;ULCC est un fer de lance du consumérisme conscient et responsable, promouvant un équilibre entre les besoins sociaux, citoyens et environnementaux, tout en veillant à la santé et au logement des consommateurs. Une action focalisée sur la défense des droits des consommateurs Elle fédère des organisations nationales de défense des consommateurs autour&hellip;&nbsp;<a href="https://entrecoles.fr/" class="" rel="bookmark">Read More &raquo;<span class="screen-reader-text">Accueil</span></a></p>
